2, what is -10100 - 101000000?
-101010100
In base 3, what is -11 + 222?
211
In base 10, what is -3 + -474?
-477
In base 16, what is -a + -2b?
-35
In base 14, what is 38 + 8?
42
In base 3, what is 12101 - -21?
12122
In base 2, what is -100 + 1000010010?
1000001110
In base 13, what is -5 + 77?
72
In base 4, what is 2120 - -20?
2200
In base 6, what is -35 + -3322?
-3401
In base 2, what is 0 - -1001101010?
1001101010
In base 9, what is 5 + 60?
65
In base 10, what is 20 + 216?
236
In base 10, what is 794 - -19?
813
In base 6, what is -50 - 420?
-510
In base 3, what is -102001 - 100?
-102101
In base 5, what is -11240 - 4?
-11244
In base 5, what is -3 - 20?
-23
In base 2, what is 1111000110 + 10?
1111001000
In base 7, what is 11 + 60?
101
In base 7, what is 401 - 4?
364
In base 11, what is 1 + 270?
271
In base 7, what is -22010 + -4?
-22014
In base 13, what is 66 + -2?
64
In base 3, what is 10 - -20121020?
20121100
In base 9, what is -5 - 15?
-21
In base 7, what is -111541 - 3?
-111544
In base 2, what is -111101 - 10000?
-1001101
In base 16, what is 959d + 4?
95a1
In base 16, what is 5 + 21?
26
In base 16, what is 275 + -8?
26d
In base 10, what is -1 - -2805?
2804
In base 3, what is -1222 + -100001?
-102000
In base 2, what is -10 + -110010?
-110100
In base 9, what is 627 + -1?
626
In base 6, what is -302 + -42?
-344
In base 14, what is -2 + 494?
492
In base 4, what is 11 + -203031?
-203020
In base 9, what is 473 + -10?
463
In base 14, what is 2 - 128b?
-1289
In base 16, what is -6 - -14e?
148
In base 10, what is 11 - 171?
-160
In base 7, what is 2433 + -3?
2430
In base 9, what is -185 + -40?
-235
In base 6, what is 1 - 2311?
-2310
In base 9, what is 542 - 24?
517
In base 6, what is -3044 + 1?
-3043
In base 16, what is -1 - -43?
42
In base 11, what is -3241 + -3?
-3244
In base 4, what is 1222 - 11?
1211
In base 11, what is 4 + 171?
175
In base 6, what is -22534 + 0?
-22534
In base 8, what is 3 + 765?
770
In base 6, what is 12502 - 2?
12500
In base 6, what is -31 - -10?
-21
In base 6, what is -15 - 4?
-23
In base 11, what is -4 - -75?
71
In base 2, what is -100110 - -111?
-11111
In base 3, what is -10 - 11202?
-11212
In base 11, what is 5 - -1300?
1305
In base 7, what is -246 + 1?
-245
In base 14, what is -9 - 22?
-2b
In base 13, what is -5 - 48b?
-493
In base 15, what is -5 + 168?
163
In base 12, what is 347 - -1?
348
In base 3, what is 2 + -10102?
-10100
In base 13, what is -4 + -2?
-6
In base 11, what is a93 + 1?
a94
In base 11, what is -2109 + 3?
-2106
In base 2, what is -1100011011011 - 100?
-1100011011111
In base 11, what is -7 + 10?
4
In base 8, what is -5231 - 4?
-5235
In base 7, what is -413 + -4?
-420
In base 3, what is -21 - 11?
-102
In base 8, what is -2 - 51?
-53
In base 12, what is -5 + -193?
-198
In base 11, what is -129 - 5?
-133
In base 13, what is 690 - 2?
68b
In base 11, what is 33 + 2?
35
In base 2, what is -11 - -1111101100011?
1111101100000
In base 16, what is -627 - -2?
-625
In base 10, what is -3 + -1984?
-1987
In base 14, what is 4871 - 3?
486c
In base 8, what is -234 + -5?
-241
In base 15, what is 2 + -c7?
-c5
In base 5, what is 0 - -4410?
4410
In base 4, what is -202 + 3?
-133
In base 15, what is 5 - -1c?
22
In base 6, what is 10 - -5?
15
In base 11, what is -11 - -31?
20
In base 10, what is -12 - -91?
79
In base 4, what is 2 - -31322?
31330
In base 9, what is 13 - -388?
412
In base 4, what is -11 - -302?
231
In base 9, what is 1 + -126?
-125
In base 6, what is 155 + 10?
205
In base 15, what is 9 - -79?
83
In base 10, what is 481 - 2?
479
In base 10, what is -2 - 49?
-51
In base 7, what is -43444 + -2?
-43446
In base 6, what is -433 + -104?
-541
In base 10, what is 2071 - -7?
2078
In base 8, what is 6 + 114?
122
In base 10, what is -189 + 3?
-186
In base 15, what is -78 + -27?
-a0
In base 15, what is 2 + -51?
-4e
In base 15, what is -10b63 + 1?
-10b62
In base 7, what is 205 - 4?
201
In base 3, what is -12 - -2?
-10
In base 9, what is 245 + -28?
216
In base 13, what is 16 + 24?
3a
In base 8, what is 3 - -140?
143
In base 5, what is 2 + -10411?
-10404
In base 11, what is 30a - -51?
360
In base 5, what is -1004 - 33?
-1042
In base 9, what is -2 + 170?
167
In base 11, what is -335 + 12?
-323
In base 4, what is 201010 + 3?
201013
In base 9, what is 3 + 116?
120
In base 13, what is -7b - -a?
-71
In base 5, what is 3 + -203?
-200
In base 7, what is 134315 + 4?
134322
In base 4, what is 130321 + 10?
130331
In base 11, what is 134 + 0?
134
In base 9, what is 7 - -125?
133
In base 3, what is -111 + 1012000?
1011112
In base 12, what is 145 - -4?
149
In base 16, what is -16 - 244?
-25a
In base 7, what is -134 - 1006?
-1143
In base 3, what is -2110 + 10?
-2100
In base 15, what is -1883 - 2?
-1885
In base 4, what is 1 + 1011?
1012
In base 16, what is 4 - -37?
3b
In base 13, what is -1a - -15?
-5
In base 8, what is -3 + -13?
-16
In base 6, what is 3 + 1122?
1125
In base 8, what is -17264 - 2?
-17266
In base 4, what is -1020 + -10?
-1030
In base 11, what is 18 + -9?
a
In base 10, what is 13609 + -1?
13608
In base 16, what is -1ed - 0?
-1ed
In base 10, what is 13 - 10?
3
In base 5, what is -1421 + 10?
-1411
In base 6, what is 4030 - 5?
4021
In base 15, what is -2 - -7?
5
In base 15, what is 20 - -2?
22
In base 11, what is 4 + 2?
6
In base 12, what is 4 - 97?
-93
In base 7, what is 24 - 51?
-24
In base 8, what is 224 + -2?
222
In base 4, what is 221 + -1?
220
In base 10, what is -8 - -39?
31
In base 10, what is 3 - 378?
-375
In base 9, what is 110 + 5?
115
In base 8, what is 12 - 135?
-123
In base 13, what is 1 + -67?
-66
In base 12, what is 207 - -5?
210
In base 9, what is -4 + 146?
142
In base 2, what is -100 - 1110?
-10010
In base 2, what is -1011 - 1001?
-10100
In base 6, what is 1015 + -10?
1005
In base 14, what is 5 - 7?
-2
In base 16, what is -2f - 5?
-34
In base 10, what is 20 + -37?
-17
In base 16, what is -45b + 2?
-459
In base 10, what is 1648 + -1?
1647
In base 10, what is 4 + 856?
860
In base 13, what is -27 + 607?
5b0
In base 15, what is -1 + 113?
112
In base 9, what is -868 - 3?
-872
In base 11, what is 15 + -10?
5
In base 12, what is 2 - 736?
-734
In base 7, what is 0 + -2215?
-2215
In base 9, what is 323 + 13?
336
In base 6, what is 501 + -33?
424
In base 5, what is -2 + -40014?
-40021
In base 4, what is -10233 + 12?
-10221
In base 12, what is -3 + a1?
9a
In base 11, what is 262 + 32?
294
In base 2, what is -110101101100 + 100?
-110101101000
In base 11, what is -8 - 228?
-235
In base 13, what is -143 + 3?
-140
In base 11, what is -447 - 5?
-451
In base 6, what is 1 + 245?
250
In base 3, what is -1 - 2002?
-2010
In base 4, what is -121 + -102233?
-103020
In base 15, what is 1 + 8c?
8d
In base 2, what is -100 - -11011000?
11010100
In base 8, what is -35274 + 0?
-35274
In base 15, what is -2 + 1374?
1372
In base 11, what is -130 + 5?
-126
In base 7, what is 1533 + 4?
1540
In base 15, what is -14 + -15?
-29
In base 8, what is 4 + 60?
64
In base 12, what is -27a + -3?
-281
In base 2, what is -10 - 1001110001?
-1001110011
In base 9, what is 17 + -16?
1
In base 7, what is -112214 - 4?
-112221
In base 3, what is -20122 + -11?
-20210
In base 8, what is -6 + 11562?
11554
In base 6, what is -4 - -12?
4
In base 6, what is 2 + -34?
-32
In base 13, what is -130 - -8?
-125
In base 4, what is 33 + 3323?
10022
In base 15, what is -2 + -352?
-354
In base 5, what is 340 + -4?
331
In base 14, what is 364 - -5?
369
In base 4, what is -31 - 2112?
-2203
In base 12, what is -448 + -5?
-451
In base 3, what is -102122110 + 2?
-102122101
In base 9, what is -264 - -2?
-262
In base 12, what is -5 - 244?
-249
In base 16, what is df - b?
d4
In base 16, what is 1 + -3?
-2
In base 9, what is 0 + 127?
127
In base 6, what is -3 + 125?
122
In base 13, what is 0 - -394?
394
In base 11, what is 12a + -1?
129
In base 4, what is 1231 + 0?
1231
In base 8, what is 3 - -4?
7
In base 11, what is -95 + -11?
-a6
In base 12, what is 4 - -36?
3a
In base 4, what is -1102 + -32?
-1200
In base 15, what is -4 + 7?
3
In base 16, what is -3a + -1?
-3b
In base 7, what is 414 + 1?
415
In base 16, what is -1 - 8b?
-8c
In base 14, what is -4d + 0?
-4d
In base 11, what is 1245 + -7?
1239
In base 7, what is -24030 + 0?
-24030
In base 7, what is -50 + 30?
-20
In base 14, what is 1 